 (-84)/10*35/28*-18 is divided by 89?
11
Let w(u) = u**3 + 3*u**2 - 2*u - 4. Suppose 28*v - 29*v + 3*d + 21 = 0, -5*v + d = -77. Calculate the remainder when v is divided by w(-3).
1
Suppose 5*s = -3*k + 244, -108 = -s - s + 4*k. Calculate the remainder when 56 is divided by s.
6
Suppose -155 = 23*c - 1305. Suppose 65 = 3*d - 3*i - 10, -2*d - 2*i + c = 0. Calculate the remainder when 72 is divided by d.
22
Let j(m) = -2*m + 12. Let z be j(6). Suppose z = 3*o + 10 - 13. What is the remainder when 27 is divided by (((-6)/(-2))/o)/((-12)/(-40))?
7
Suppose 5*o + 3*l - 122 = -36, 2*o - 32 = -2*l. Let m(c) = 5*c - 80. What is the remainder when 42 is divided by m(o)?
12
Suppose -5*f + 108 = g, -5*f - 49 = -g - 161. Suppose s - 95 = -278*w + 282*w, 3*s = 5*w + 271. Calculate the remainder when s is divided by f.
21
Suppose -23*p - 29663 = -54296. What is the remainder when p is divided by 139?
98
Let x = -31375 + 31430. Calculate the remainder when 170 is divided by x.
5
Let m be (-19768)/140*(-3)/((-6)/5). Let r = m - -434. What is the remainder when r is divided by 21?
18
Suppose 45 = 3*q + 2*i + i, 4*i = -3*q + 40. Let n = -19 + q. Calculate the remainder when 3 is divided by n.
0
Let f(t) be the second derivative of -1/2*t**2 + 0 - 1/3*t**3 + 0*t**4 - 16*t - 9/20*t**5. What is the remainder when 46 is divided by f(-1)?
6
Suppose 7 = 4*c - s, 6 - 1 = s. Suppose -2*j + c = -23. Suppose -8*u = -j*u + 95. What is the remainder when u is divided by 4?
3
Let c(r) = -344*r + 1736. What is the remainder when 784 is divided by c(5)?
0
Let t = 17 + 62. Calculate the remainder when t is divided by ((-36)/(-174))/(-3) + 1/(-9) + 76296/6264.
7
Let y = 13886 - 13832. What is the remainder when 6587 is divided by y?
53
Suppose -3*a + 8*a = 15. Let j be 128/(-4) - a/3. Let o = j + 39. What is the remainder when 16 is divided by o?
4
Let c(i) = -3*i - 3. Let b = -41457 + 41460. What is the remainder when c(-4) is divided by b?
0
Let k = 2816 - 1641. Calculate the remainder when k is divided by 1173.
2
Let n(y) = -34*y + 524. Let m(q) = 3*q**2 + 9*q. What is the remainder when m(-6) is divided by n(15)?
12
Calculate the remainder when 478 is divided by ((-35)/4)/(10 + 123*(-15)/180).
23
Let q be (385/10 + -1)*(-6)/9. Calculate the remainder when 106 is divided by ((q/3)/(-5))/(10/72).
10
Let m(x) = -x**3 - 8*x**2 - 7*x + 62. Calculate the remainder when 1833 is divided by m(0).
35
Let r = 245 - 255. Calculate the remainder when (-37692)/(-180) + (-6)/r is divided by 71.
68
Let d = -6656 + 6778. Let u = -53 + 116. Calculate the remainder when d is divided by u.
59
Let n = 156 - 93. Let h = 91902 + -91894. What is the remainder when n is divided by h?
7
Let w be (-636)/(-72) - (-2)/12. Suppose -343 = -w*g + 17. Calculate the remainder when 76 is divided by g.
36
Suppose -4*t + q = -777, 2*q + 965 = 5*t + 7*q. Calculate the remainder when t is divided by 114.
80
Suppose u - 5*l = 4314, -3 = 22*l - 25*l. What is the remainder when u is divided by 30?
29
Suppose -235 = -3*q - 2*s, -2*q + 3*s + 319 = 2*q. What is the remainder when 236 is divided by q?
78
Suppose 0 = -r + 2*v + 3*v + 26, v = r - 10. Let t(l) = -27*l. Calculate the remainder when t(-1) is divided by (-74)/74*r/(-4)*4.
3
Let l(v) = -30*v + 122. Let z be l(5). What is the remainder when 334 is divided by 0 + z/(-4) + 21?
26
Let f(z) = 63*z - 24. Let u be f(2). Suppose -93 = 3*s - u. Let c = -5 - -15. What is the remainder when c is divided by s?
1
Let s = -1580 + 1629. Calculate the remainder when 2148 is divided by s.
41
Let s = -19 + 196. Suppose 3*c - s = -3*h, 2*c = -5*h + 50 + 68. Suppose 0 = -0*m - 53*m + 795. What is the remainder when c is divided by m?
14
Let y(r) = 12*r + 8 - 25*r + 10*r + 27. Let w be y(9). Calculate the remainder when 32 is divided by -4 + (-85)/(-4) + (-2)/w.
15
Let d(i) = 10*i**2 - 48*i - 89. Calculate the remainder when d(-4) is divided by 88.
87
Suppose 0 = 4*x - 4*z - 319 - 101, 518 = 5*x + 2*z. Calculate the remainder when 221 is divided by x.
13
Let q be (-20)/3*27/(-18). What is the remainder when (-1839)/(-12) - q/40 is divided by 39?
36
Suppose 4*c - 183 + 23 = 0. Let d = 6984 - 6962. Suppose d = -q + c. What is the remainder when 50 is divided by q?
14
What is the remainder when -10 + 21 + -5 - (-447)/1 is divided by 152?
149
Suppose -31164 = -14078*f + 14066*f. What is the remainder when f is divided by 13?
10
Let l(t) = t**2 + 12*t + 50. Let v be l(-7). What is the remainder when 134*1/(0 - -2) is divided by 6 + v + -13 + 6?
11
Suppose 0 = -49*k + 991 + 2243. Calculate the remainder when 1912 is divided by k.
64
Let t(g) = 22*g - 2851. Let p be (3 + -2 - 1)/(-2). Calculate the remainder when t(132) is divided by 7 + (p + -2 - -4).
8
Suppose 281 = 5*c - 629. Let n be (4/10 - 0) + 13/5. Suppose 2*y - 77 = -n. What is the remainder when c is divided by y?
34
What is the remainder when 594*(24/(-4))/(-5 + -4) is divided by 90?
36
Let x be 4/(12/15) - -272. Let o = x + -274. Calculate the remainder when 16 is divided by o.
1
Let h be (-48)/72*(-201)/2*-5. Let a = -317 - h. Suppose -3*k + 24 = 3*q, -2*k = 2*q - 6*q - 40. What is the remainder when a is divided by k?
6
Let k be 42/24 - 2/(-8). Suppose 6*g + 4 = 16. Suppose -k*q = -q - 4*f - 32, 0 = 5*q + g*f - 50. Calculate the remainder when 34 is divided by q.
10
Suppose -1 = g + 1. Suppose 169*l - 100*l = 1311. Calculate the remainder when (-65 + 0 + g)*-1 is divided by l.
10
Let c(v) = 2*v**2 + 31*v + 22. Let l(w) = -5. Let t(m) = -2*c(m) - 2*l(m). What is the remainder when 379 is divided by t(-13)?
91
Let f = 6932 + -6160. Calculate the remainder when f is divided by 154.
2
Let u be -2 - (-111)/6*4/2. Let l be (-1980)/u + 3/(-7). Let m = -17 - l. What is the remainder when m is divided by 30?
10
Suppose -x - 19 = -a, 2*a - 3*x = -2 + 42. What is the remainder when 509 is divided by a?
16
Let l = -5969 + 7064. Calculate the remainder when l is divided by 16.
7
What is the remainder when 42/182 - 88572/(-156) is divided by 26?
22
Let g(t) = 2*t**2 + t + 299. Let p be g(0). Suppose p = 4*f - 85. Suppose 2*u - 5*u = -99. Calculate the remainder when f is divided by u.
30
Suppose 5*q + 0*c - 27 = -2*c, 3*q + 4*c = 5. Let u = 80180 + -79993. Calculate the remainder when u is divided by q.
5
Let t = 624 - 600. Calculate the remainder when 345 is divided by t.
9
Suppose -8 = -2*k, -3*j = -3*k + 2*k - 116. Let a(u) = u**3 + 31*u**2 + 77*u - 78. What is the remainder when a(-28) is divided by j?
38
Let n(u) = -4*u**2 - 6*u - 39. Let y be n(8). Let g = -325 - y. Suppose 2*r + 5*s + 270 = 6*r, 4*s = -5*r + 358. Calculate the remainder when r is divided by g.
16
Suppose 5 = -4*m - 11, -3*d = 3*m - 6. Let r(o) = -o**3 + 3*o**2 + 29*o - 10. What is the remainder when r(d) is divided by 12?
8
Suppose 0 = -2*m + 4*j + 519 + 237, 2*m = 3*j + 761. Suppose 11*g - 536 - m = 0. Suppose 0 = 3*a - 9*a + g. What is the remainder when 27 is divided by a?
13
Suppose 0 = -3*x - 4*f + 52867, -10*f = -5*x - 8*f + 88051. What is the remainder when x is divided by 24?
21
Let x(d) = -5*d**2 - 65*d**3 + 34*d**3 + 30*d**3 - 49 - 2*d. What is the remainder when 185 is divided by x(-7)?
59
Suppose -272*r = -262*r - 22030. Calculate the remainder when r is divided by 58.
57
Suppose -4*j + 0*j - 78 = 3*a, -8 = 4*a. Let z = 74 - j. Suppose 3*h + 5*f - 88 = 0, h + 13*f - 15*f - 33 = 0. What is the remainder when z is divided by h?
30
Let j(c) = -c**3 - 4*c**2 - 4*c - 7. Let g = -241 + 291. Let n(f) = -3*f + 170. What is the remainder when j(-5) is divided by n(g)?
18
Suppose -4*r + 1061 = 2*i + 943, -2*i - 6 = 0. What is the remainder when 3843 is divided by r?
30
Suppose 0 = 27*l - 1127 - 1951. Calculate the remainder when 680 is divided by l.
110
What is the remainder when 935 is divided by 13120/192 - (2 + 4/(-6))?
64
Suppose 22*t - 3 = 21*t, 2*t + 3 = 3*f. What is the remainder when 299 is divided by f?
2
Suppose -6*m + 3*m = -5*v + 292, -5*m + 182 = 3*v. Let k = v + -59. Suppose 4*f - 33 - 3 = k. What is the remainder when 23 is divided by f?
5
Suppose -g + 3*c + 777 = 0, 91*g - 86*g - c - 3871 = 0. Calculate the remainder when g is divided by 17.
9
Suppose 26139*b + 16 = 26143*b. Let p(s) = 7*s - 16. What is the remainder when p(5) is divided by